e units digit of n?
7
Let s(b) = -2*b**3 + b + 2*b**2 + 4 + b**3 - b**2. Let q be (-8)/(-14) - 108/189. What is the units digit of s(q)?
4
Suppose 9*u - 8*u = 4. Suppose 284 = u*p + 80. What is the units digit of p?
1
Suppose 2936 = 8*p - 9856. What is the units digit of p?
9
Suppose -4 = 3*a - 28. Suppose y = 4*t - 4*y + 1, 0 = 3*t - 2*y - a. What is the tens digit of (-9)/t*2 + 16?
1
Let m = -3 + 8. Let c = 12 - m. Let h = 26 - c. What is the tens digit of h?
1
Suppose 0 = -27*o + 45819 - 6777. What is the hundreds digit of o?
4
Let q(w) = w**2 + 9*w - 165. What is the hundreds digit of q(27)?
8
Suppose -11*n - 3104 = -15*n. What is the hundreds digit of n?
7
Let w be (-98)/(-6)*(-276)/(-23). Suppose -43 = j - w. What is the units digit of j?
3
Suppose 3*f - 2678 = -401. Suppose 2*t + 2 = -0*t, -5*w + f = t. What is the units digit of w?
2
Suppose -19 + 7 = -4*n. Suppose 3*z - 5*r = 18, -n*r - 2 - 3 = 4*z. What is the units digit of z*-2*(-21)/2?
1
Let u be (4 + 35/(-20))*4. Suppose o - 65 = -u. What is the units digit of o?
6
Let g(x) = -x**3 + 9*x**2 - 8. Let v be g(8). Suppose -2*q + 8 = 3*h - 5, 3*h - 3 = 3*q. Suppose -h*r - 24 = -o - 200, o - v = -r. What is the tens digit of r?
5
Let i be 1 + -66 - (-1 - 0). Let c = 450 + -356. Let v = c + i. What is the units digit of v?
0
Suppose 11 + 118 = 3*k. Suppose -2*u = -k - 53. What is the tens digit of u?
4
What is the tens digit of 12 + -23 + 9402/2?
9
Let m be 7/28 + 15/(-12)*-3. Suppose m*o + 294 = 3*b, -4*o - 14 + 2 = 0. What is the tens digit of b?
9
Let z = 42 + 33. Suppose 0*i - z = 5*i. Let u = i + 35. What is the units digit of u?
0
Suppose 0 = -3*q - 5*m - 22, 4*q + 0*q - m + 14 = 0. Let p(l) = -l**3 + 6*l + 1. What is the units digit of p(q)?
1
Let c(h) = -h**3 + 9*h**2 - 8*h + 12. Suppose -20 = 3*q - 4*q. Let j be q/3*6/5. What is the units digit of c(j)?
2
Let l(k) = -3*k + 6. Let v be l(5). Let x(t) = 2*t**2 + 13*t + 9. What is the tens digit of x(v)?
5
Suppose -4*i = -3*i + 6. Let f be 3*1/(12/(-8)). What is the units digit of ((-92)/i)/(f/(-3))?
3
Let h(n) = 29*n**2 - n + 15. What is the units digit of h(-4)?
3
Let n = -26 + 35. Suppose -l = -y + 13, 5*l + n = 2*y - y. Suppose -5*h = -10, -3*t - 4*h + 49 = y. What is the units digit of t?
9
Let c = 390 + -286. What is the units digit of c?
4
Suppose -2*n + 3*u - 8 = -99, 0 = u - 1. Let z = -31 + n. Suppose 3*x + 6 = 4*s - 11, -3*s = x - z. What is the units digit of x?
1
Let z be 2 + (0/(-1))/(-5). Let s = z - -3. What is the units digit of 1/s + (-1032)/(-15)?
9
What is the hundreds digit of (-5 - -4) + (-1 - -2 - -519)?
5
Let q(n) = 0*n + 2*n - 11*n - 12 - 10*n. What is the tens digit of q(-5)?
8
Let j be 86/(-10) + (-12)/30. Let d(h) = h**3 + 8*h**2 - 11*h - 13. Let l be d(j). Suppose -l*o + 100 = -85. What is the units digit of o?
7
Let c(y) = -17*y**3 + y**2 - 21*y - 19. What is the units digit of c(-5)?
6
Let u(d) = d**3 - 9*d**2 + 2*d + 8. What is the hundreds digit of u(12)?
4
Suppose -2*l + 4*q + 6 = 0, 3*l - 6*q + 2*q - 1 = 0. What is the hundreds digit of (-103 + 2)/(4 + l)?
1
Let g = -66 - -70. What is the tens digit of -134*(g - 11/2)?
0
Let l = 21 + -11. Suppose l = -q + 3. What is the units digit of -3 - q/((-7)/(-46))?
3
Suppose -3*w + 14*r - 9*r = -403, -3*r = 3*w - 435. What is the units digit of w?
1
Let r(j) = 50*j**2 + 90*j**2 - j + 109*j**2. What is the tens digit of r(1)?
4
Suppose -881 = -10*g - 11. What is the tens digit of g?
8
Suppose 2*b + 398 = 4*h, 0*h = h + 3*b - 110. Suppose 2*n - 99 = h. What is the hundreds digit of n?
1
Let q = 2251 - 1516. What is the units digit of q?
5
Let h = -22 - -42. Suppose q - 6*q = -h. Suppose 0 = -3*p + q + 5. What is the units digit of p?
3
Let x = 663 + -245. What is the tens digit of x?
1
Suppose -x + 21 = -3*x - 5*c, -4*x = 2*c + 18. What is the units digit of 72 - (x - 0/1 - -4)?
1
Let w = -251 - -317. Let f(y) = y + 1. Let o be f(3). Suppose -4*x + 56 = -o*s, x + 2*x - w = -5*s. What is the units digit of x?
7
Let o(y) = 4*y. Let w be o(1). Suppose 0*k = -w*k. Suppose -4*x + 2*x + 66 = k. What is the tens digit of x?
3
Let s(t) = -5*t - 1. Let y be s(-1). What is the tens digit of (-1664)/(-65) + y/10?
2
Suppose q + 3*w = 8*w + 1454, -2*q + 2868 = -2*w. What is the hundreds digit of q?
4
Let o(c) = 7*c**2 - 7*c + 18. Let k be o(4). Let h = 198 - k. What is the units digit of h?
6
Suppose -72*o + 77*o + 6265 = 4*x, o = 5*x - 7826. What is the units digit of x?
5
Let b be ((-20)/8 - -2)*0. Suppose 3*k = -b*k + 300. Suppose g = -g + k. What is the units digit of g?
0
Suppose 10 = -30*x + 25*x. Let i = 2 + x. Suppose 4*d - s - 64 = i, 64 = -d + 5*d + 2*s. What is the tens digit of d?
1
Suppose 3*m = -5*f + 1827, 2*f + 0*f = 4*m - 2462. What is the units digit of m?
4
Let z(n) = 4*n**3 + n. Let t be z(1). Suppose 6*g = 4*w + 2*g - 164, 187 = t*w + 4*g. What is the units digit of w?
9
What is the units digit of ((-4)/10)/(1/(-65))?
6
Let u = 30 - 22. Suppose 4*q = 3*g - 144 - u, 0 = 2*q + 4. What is the units digit of g?
8
Suppose -3*k = 4*b - 418, -23*k = -2*b - 21*k + 216. What is the tens digit of b?
0
Let c(y) = y**3 + 2*y**2 + 7. Suppose -t + 0*t = 0. What is the units digit of c(t)?
7
Let c(y) = -5*y + 8. Let a be c(-11). Suppose -4*g = -a - 141. Let b = g - 30. What is the units digit of b?
1
Let v(n) = 19*n - 18*n - 9 - 6 + 2. Let j be v(11). What is the units digit of j + (-4)/((-20)/25)?
3
Suppose 386 = 3*q - 0*q - l, 3*q = 2*l + 382. Let o = -11 + q. What is the tens digit of o?
1
Let d(s) = 41*s**2 + 6*s - 25. What is the tens digit of d(3)?
6
Suppose 38*x = 13079 - 881. What is the units digit of x?
1
What is the units digit of (-2358)/(209/33 - 7)?
7
What is the hundreds digit of 2052*(4/22)/((-66)/(-242))?
3
Let o(t) = -t + 9. Let h be o(7). Let x(k) = 10*k - 4*k - k**2 + k**h + 3 + k**2. What is the tens digit of x(-8)?
1
Let j(d) be the third derivative of 3*d**4/2 + 4*d**3 - 20*d**2. What is the units digit of j(6)?
0
Let b(j) = -j**2 - 3*j + 2. Let c = 9 - 12. Let r be b(c). Suppose -3*v + 4*m + 50 = 0, -3*v + r*m + 70 = v. What is the units digit of v?
8
Let x = -2467 + 3563. What is the tens digit of x?
9
Let u(t) = -7*t**2 - 10*t + 13. Let h(x) = -3*x**2 - 5*x + 7. Let g(c) = -5*h(c) + 2*u(c). Suppose -3*a = 10 + 14. What is the units digit of g(a)?
5
Let s(r) = -802*r + 7 - 9 + 1. Let t be s(1). What is the tens digit of (-1)/3 - t/33?
2
Let f = 2586 + -1064. What is the hundreds digit of f?
5
Suppose 0 = 5*w + k - 22612, 4*w + 10*k - 18096 = 6*k. What is the hundreds digit of w?
5
Suppose 0 = -4*q + t + 1997, 2*q + 4*t - 260 = 734. What is the tens digit of q?
9
Suppose -3*t + 2325 = 5*b, 3*t + 52 = 67. What is the tens digit of b?
6
Let a = -4 - 35. Let s = 62 + a. What is the units digit of s?
3
Let y = -2 + 4. Let a(m) = 6*m - 3 + 3*m**2 - 4*m**y + 5*m. What is the units digit of a(6)?
7
Suppose -4*i + g = 5*g - 1876, -4*i = 2*g - 1884. What is the units digit of i?
3
Let p(z) = 6*z + 17. Let q be p(-3). What is the hundreds digit of 1/(q/(447/1785) + 4)?
1
Let b be (-62)/(-6) + 14/21. Suppose -3*c + 1 + b = 0. Suppose -2*k = -c*q + 106, 2*q - 3*q - 4*k = -13. What is the tens digit of q?
2
Suppose -12 = -7*h - 12. Suppose h = -2*w + 151 + 15. What is the tens digit of w?
8
Let n = 1339 + 2151. What is the units digit of n?
0
Let m = 61 + -61. What is the units digit of m - 16/(-20) - 86/(-5)?
8
Suppose 4*a - 31 = -7*j + 4*j, a + 5*j - 29 = 0. Let t = a + -13. What is the units digit of (-1412)/(-36) - (-2)/t?
9
Let l(c) = 3*c**2 - 6*c + 20. What is the tens digit of l(10)?
6
Let l(h) = -h**2 + 10*h - 9. Let k be 9 - (-3 + 1)/2. Let v be l(k). Let y = -4 - v. What is the units digit of y?
5
Suppose 206 = 2*a - 5*b, -5*a + 9*a + 4*b - 356 = 0. What is the units digit of a?
3
Let l(t) = 2*t**2 - 24*t - 1. Let f be l(-10). Suppose 5*o - f = 496. What is the hundreds digit of o?
1
Suppose -5*n = -987 - 1943. What is the tens digit of n?
8
Suppose -1500 = -19*c + 13*c. What is the tens digit of c?
5
Let a(h) = 82*h**2 - h + 1. Suppose 2*s - 1 = 1. What is the tens digit of a(s)?
8
Let h = 4 + 19. Suppose 0 = -17*c + 21*c, -4*c - 296 = -4*t. Suppose 3*q + a = 57, t = 5*q + a - h. What is the units digit of q?
0
Suppose 3*j = -4*k + 14, -6